st common divisor of 315 and 5.
5
Calculate the highest common factor of 168 and 7098.
42
Calculate the highest common divisor of 134 and 28.
2
Calculate the greatest common factor of 12 and 438.
6
What is the greatest common divisor of 114 and 7296?
114
What is the highest common factor of 2112 and 33?
33
Calculate the highest common factor of 7134 and 1722.
246
What is the highest common factor of 207 and 54?
9
Calculate the greatest common divisor of 8 and 14800.
8
Calculate the highest common factor of 52 and 91.
13
What is the greatest common divisor of 2145 and 767?
13
Calculate the highest common factor of 10 and 6400.
10
What is the highest common divisor of 64 and 8048?
16
Calculate the greatest common divisor of 1598 and 68.
34
Calculate the highest common factor of 53 and 2279.
53
Calculate the highest common factor of 2727 and 202.
101
Calculate the highest common divisor of 56 and 8.
8
Calculate the highest common divisor of 380 and 5.
5
What is the highest common divisor of 48 and 3?
3
Calculate the highest common divisor of 43 and 5977.
43
What is the greatest common divisor of 155 and 217?
31
Calculate the greatest common factor of 46 and 69.
23
What is the highest common divisor of 238 and 102?
34
What is the greatest common factor of 2880 and 9?
9
What is the highest common factor of 114 and 9?
3
What is the highest common divisor of 178 and 10502?
178
Calculate the highest common divisor of 428 and 1498.
214
What is the highest common factor of 850 and 17?
17
Calculate the highest common factor of 11792 and 88.
88
What is the highest common divisor of 27 and 3?
3
Calculate the greatest common factor of 536 and 201.
67
Calculate the greatest common factor of 5800 and 120.
40
Calculate the greatest common factor of 952 and 204.
68
Calculate the highest common factor of 24 and 2544.
24
Calculate the greatest common factor of 4336 and 16.
16
Calculate the greatest common divisor of 60 and 14955.
15
What is the greatest common divisor of 1164 and 24?
12
Calculate the highest common factor of 36 and 225.
9
What is the greatest common factor of 4 and 13?
1
What is the greatest common factor of 15 and 135?
15
Calculate the greatest common divisor of 528 and 33.
33
Calculate the highest common factor of 980 and 11172.
196
Calculate the highest common factor of 2500 and 400.
100
Calculate the greatest common divisor of 80 and 48.
16
Calculate the greatest common divisor of 795 and 159.
159
Calculate the greatest common factor of 78 and 143.
13
What is the highest common factor of 253 and 92?
23
What is the greatest common divisor of 11544 and 370?
74
Calculate the greatest common divisor of 4 and 3.
1
What is the highest common factor of 336 and 138?
6
What is the greatest common factor of 405 and 90?
45
What is the highest common factor of 1034 and 55?
11
Calculate the highest common factor of 24 and 1764.
12
Calculate the highest common factor of 41 and 41.
41
Calculate the greatest common factor of 24 and 3976.
8
What is the greatest common factor of 230 and 138?
46
Calculate the greatest common divisor of 3655 and 340.
85
Calculate the greatest common factor of 76 and 57.
19
What is the greatest common divisor of 56 and 392?
56
Calculate the highest common factor of 6 and 402.
6
What is the highest common factor of 272 and 304?
16
What is the greatest common divisor of 1812 and 12?
12
Calculate the highest common divisor of 19 and 475.
19
What is the greatest common factor of 168 and 966?
42
What is the highest common factor of 51 and 30243?
51
What is the greatest common factor of 2142 and 765?
153
Calculate the highest common divisor of 5 and 503.
1
What is the greatest common factor of 65 and 3614?
13
What is the greatest common factor of 333 and 144?
9
What is the highest common factor of 2359 and 21?
7
What is the highest common factor of 3375 and 20?
5
What is the highest common factor of 8649 and 18?
9
Calculate the greatest common divisor of 391 and 34.
17
Calculate the highest common factor of 238 and 14.
14
What is the highest common divisor of 3912 and 24?
24
Calculate the highest common divisor of 45 and 8532.
9
What is the greatest common divisor of 119 and 17?
17
Calculate the highest common divisor of 1645 and 245.
35
Calculate the greatest common divisor of 286 and 767.
13
Calculate the greatest common divisor of 196 and 1036.
28
What is the highest common divisor of 16 and 6080?
16
What is the highest common factor of 473 and 344?
43
What is the greatest common factor of 3839 and 33?
11
What is the greatest common factor of 512 and 8?
8
What is the highest common factor of 24 and 6184?
8
What is the greatest common factor of 20 and 1460?
20
Calculate the greatest common divisor of 102 and 561.
51
Calculate the greatest common divisor of 9 and 306.
9
Calculate the highest common divisor of 189 and 864.
27
What is the greatest common divisor of 19338 and 594?
66
What is the highest common divisor of 464 and 29?
29
What is the greatest common divisor of 243 and 90?
9
Calculate the highest common divisor of 44 and 24068.
44
Calculate the greatest common factor of 328 and 697.
41
Calculate the greatest common factor of 730 and 10.
10
What is the highest common divisor of 14 and 3878?
14
What is the greatest common factor of 221 and 442?
221
What is the greatest common factor of 532 and 4864?
76
Calculate the greatest common divisor of 200 and 80.
40
What is the greatest common factor of 162 and 36?
18
Calculate the highest common divisor of 629 and 1295.
37
What is the highest common factor of 79 and 174037?
79
Calculate the highest common divisor of 24 and 384.
24
What is the greatest common divisor of 585 and 45?
45
Calculate the greatest common divisor of 96 and 400.
16
What is the greatest common divisor of 120 and 320?
40
What is the greatest common factor of 581 and 14?
7
Calculate the highest common factor of 246 and 12.
6
What is the greatest common factor of 10 and 605?
5
What is the highest common divisor of 7 and 1337?
7
Calculate the greatest common divisor of 22959 and 9.
9
Calculate the greatest common factor of 14 and 378.
14
What is the highest common divisor of 750 and 18?
6
What is the highest common factor of 43 and 1?
1
What is the highest common divisor of 4193 and 21?
7
Calculate the highest common divisor of 731 and 272.
17
Calculate the greatest common factor of 320 and 20.
20
What is the greatest common factor of 11936 and 32?
32
Calculate the highest common factor of 5 and 10715.
5
Calculate the greatest common factor of 69 and 15.
3
Calculate the greatest common factor of 4640 and 320.
160
Calculate the greatest common divisor of 28672 and 28.
28
What is the highest common divisor of 1368 and 432?
72
Calculate the highest common divisor of 138 and 6.
6
Calculate the greatest common divisor of 157 and 2.
1
What is the greatest common divisor of 62912 and 192?
64
Calculate the highest common divisor of 1599 and 615.
123
Calculate the highest common factor of 90 and 2385.
45
Calculate the highest common factor of 58267 and 11.
11
What is the highest common factor of 3454 and 11?
11
Calculate the greatest common factor of 20 and 1370.
10
What is the highest common divisor of 5031 and 45?
9
Calculate the greatest common factor of 18 and 120.
6
Calculate the highest common factor of 390 and 13.
13
Calculate the highest common divisor of 1519 and 62.
31
Calculate the greatest common divisor of 288 and 32.
32
Calculate the highest common divisor of 864 and 32.
32
Calculate the highest common factor of 63 and 21.
21
What is the greatest common divisor of 27 and 6696?
27
What is the greatest common factor of 225 and 495?
45
What is the greatest common divisor of 39 and 169?
13
What is the highest common divisor of 45 and 120?
15
Calculate the highest common factor of 55 and 781.
11
Calculate the greatest common divisor of 7502 and 242.
242
What is the highest common factor of 46 and 10097?
23
Calculate the highest common factor of 52 and 598.
26
Calculate the greatest common factor of 53190 and 135.
135
What is the greatest common factor of 86 and 1634?
86
Calculate the greatest common divisor of 10286 and 148.
74
Calculate the highest common divisor of 28 and 98.
14
Calculate the highest common d